te the remainder when o is divided by 38.
35
Let k(t) = t**3 - 26*t**2 + 141*t - 7. Let d = 508 - 315. Calculate the remainder when d is divided by k(7).
46
Let m be 4/(20/15) + 0. Suppose 2*z = -m*z + 85. Let j(y) = -7*y - 2. Calculate the remainder when j(-5) is divided by z.
16
Let p(h) be the second derivative of h**4 - h**3/2 - h**2 + 13*h. Calculate the remainder when 117 is divided by p(2).
37
Let v be 0 - (3 + 1 - 2). Let x be v/(0 + (-8)/12). Suppose -5*d + 126 = -2*m, 0 = 5*d - x*m - 106 - 18. What is the remainder when d is divided by 9?
8
Let j be ((-4)/(-2))/(6/537). Suppose -3*u - 275 - 31 = 0. Let p = j + u. What is the remainder when p is divided by 20?
17
Let s(n) = -n**2 + 9*n + 1. Let u be s(6). Suppose f = -5*l - 137, -l + 2*l = 4*f - u. Let k = -20 - l. Calculate the remainder when k is divided by 5.
2
Let b be (-2)/6 - 272/(-51). What is the remainder when (67 + 2)*1/(b + -4) is divided by 37?
32
Suppose 5*w - 4*n = 257, 2*n - n + 3 = 0. What is the remainder when 634 is divided by w?
46
Let i(a) = -a**2 + a + 183. What is the remainder when i(0) is divided by ((-2)/9)/((-2)/18)*23?
45
Let p = -1 - 0. Suppose -78949*g = -78956*g + 28. Calculate the remainder when ((-2)/4)/(p/20) is divided by g.
2
Suppose -2*n + 9 = 1. Suppose 4*o = -2*p + 4*p + 28, -n*p = o - 7. Suppose 4*m - 25 = o. What is the remainder when 30 is divided by m?
6
Suppose 4 = -3*n + 5*n. Suppose 5*h = -n*x + 159, -168 = -5*h - 4*x + 5*x. Let j = h - 20. What is the remainder when 49 is divided by j?
10
Suppose -2*u + 278 = 4*v, -6*v + 10*v + 238 = 2*u. What is the remainder when u is divided by 12?
9
Calculate the remainder when (13 + -3 - 3) + -4 - -358 is divided by 119.
4
Suppose -7*t + 4 = -17. Suppose z - 18 = -4*k, -2*z = -8*k + t*k - 36. Calculate the remainder when z is divided by 7.
4
Let k be 4 + (-12)/(-3) + -4. Let f(g) = g**3 - 4*g**2 + 2*g + 5. Calculate the remainder when 49 is divided by f(k).
10
Let j be (-2 + 3 + -7)*5. Let f be 20/j*(-2 + -1). Calculate the remainder when 34 is divided by 12/4 - f - -11.
10
Let k = -60 + 66. Let w be 2/(-10) + (-202)/(-10). Let j = w + k. Calculate the remainder when j is divided by 7.
5
Calculate the remainder when 311 is divided by (-64)/80 - 8/(-10)*81.
55
Let h(u) = -6*u**3 - 3*u**2 + 4*u + 5. Calculate the remainder when 130 is divided by h(-2).
31
Suppose 0 = -3*z - 3*u + 273, -453 = -5*z - 4*u - 2. Suppose z + 71 = 5*n - 4*x, 3*x + 127 = 4*n. Calculate the remainder when 64 is divided by n.
30
Suppose -4*r + 29 - 129 = 5*t, -t = 2*r + 14. Let k = t + 26. Calculate the remainder when 5 is divided by k.
1
Let z = 29 + 52. Let g = -127 + 66. Let y = -40 - g. Calculate the remainder when z is divided by y.
18
Suppose 0 = -5*i + 10, -4*j - i + 4 = 2. Suppose -5*z + 7 + 8 = j. Let u(f) = -15*f + 80. Calculate the remainder when u(5) is divided by z.
2
Suppose -5*v = -5*n - 3225, -n = -3*v - 2*n + 1935. Calculate the remainder when v is divided by 17.
16
Suppose 0 = -39*s - 7*s + 43102. Calculate the remainder when s is divided by 47.
44
Suppose 58*m = 62*m - 40. Suppose -m*w = w - 572. What is the remainder when w is divided by 19?
14
Calculate the remainder when 213 is divided by (3996/(-8))/9*28/(-21).
65
Let n(g) be the first derivative of g**2/2 + 14*g + 4. Let z be n(-12). What is the remainder when 12 + z*(-3)/6 is divided by 4?
3
Let a(q) = 10*q + 9. Let b(h) = h**3 - 7*h**2 + 3*h + 5. What is the remainder when a(4) is divided by b(7)?
23
Let v be ((-8)/(3*(-1)/3))/(-2). Let l = -31 + 124. What is the remainder when l is divided by 43/2 - -3 - (-2)/v?
21
Suppose -2*x + 2*l = -78, 24 + 1 = -5*l. What is the remainder when x is divided by 6?
4
Suppose -3*r + 64 = -164. Let b(a) = -a**3 - 4*a**2 + 48*a - 4. What is the remainder when r is divided by b(5)?
10
Let h = -23 - -65. Suppose -h = -2*m - 8. What is the remainder when m is divided by 5?
2
What is the remainder when 625 is divided by (-28)/(-2) - (-32 - -27)?
17
Let y = 302 - 249. Calculate the remainder when y is divided by 24.
5
Suppose -2*j + 3 = -9. Suppose -11*y - 1524 = -27*y - 132. Calculate the remainder when y is divided by j.
3
Calculate the remainder when 6*(-5)/10 - (-442 + -1) is divided by 89.
84
Suppose 15*k - 26 = 2344. Calculate the remainder when k is divided by 52.
2
What is the remainder when (58/6)/(-1 - 39/(-36)) is divided by 17?
14
Let d(l) = -l**3 - 8*l**2 - 13*l - 8. Let q be d(-6). Calculate the remainder when (q + 39/2)*2 is divided by ((-6 + 0)*-2)/1.
11
Suppose -3*f = -2*k + 81, -6*k + 4*f = -5*k - 38. What is the remainder when 411 is divided by k?
33
Suppose 250 = 18*o - 1316. What is the remainder when o is divided by 12?
3
Suppose 3*r + 3*c - 51 = 0, 5*r + c - 39 = 38. Calculate the remainder when 269 is divided by r.
14
Let m(t) = -t**3 - 5*t**2 + 11*t + 5. Let x be m(-7). Suppose -10 - x = -4*a. Suppose 0 = 13*u - 105 - 350. Calculate the remainder when u is divided by a.
8
Let p(i) = -10*i**3 + i. Let m be p(-1). Let l = m - -23. What is the remainder when 94 is divided by l?
30
Let p = 747 + -613. What is the remainder when p is divided by 21?
8
Suppose 3*p = 3*l + 7 + 86, 2*p - 4*l = 64. Suppose 32 = 3*r - h, -61 = -4*r + 44*h - 39*h. Calculate the remainder when p is divided by r.
3
Calculate the remainder when 32 is divided by -5*(-8)/(-8) - -19.
4
Let d(r) = r**3 + 36*r**2 + 31*r - 50. What is the remainder when d(-35) is divided by 46?
44
Let d(t) = 5*t**3 - t. Let g be d(1). Suppose 64 + 36 = 4*y + g*c, -85 = -3*y + 2*c. Calculate the remainder when y is divided by 7.
6
Let z(g) = g**3 + 11*g**2 + 9*g - 4. Let v = -15 + 25. What is the remainder when v is divided by z(-10)?
4
What is the remainder when 356 is divided by (-108)/(-198) - 489/(-11)?
41
Let g be (2/(-3))/(12/18). Let t be (2 - g)*(-58)/3. Calculate the remainder when 38 is divided by (-2)/(-6) + t/(-6).
8
Let n(p) = p**2 - 7*p + 31. What is the remainder when 189 is divided by n(4)?
18
Let c = -20 + 22. Suppose -8 = -2*r, -c*d - r = -5*d + 17. Calculate the remainder when d is divided by 5.
2
Suppose 0 = 4*g + 148 - 660. Calculate the remainder when g is divided by 26.
24
Suppose 0*c - 3*c - 2*r - 9 = 0, 2*r = -5*c - 15. Let g(j) = 2*j**2 - 15*j - 11. Calculate the remainder when g(11) is divided by 2*(c - 46/(-4)).
15
Let b = -7 - -15. Let m(w) = -2*w**3 - 8*w**2 - w. Let a be m(-6). Suppose 2*q - 6*q = 4*i - 120, -a = -5*q + 2*i. What is the remainder when q is divided by b?
6
Let m(y) = y**2 - 8*y + 12. Let q be m(6). Suppose q = -0*h + h - 2. Let c = 6 - h. What is the remainder when 9 is divided by c?
1
Let b be -10*(-1 - (-3)/6). Suppose 2*a = b*w - 11, -3*w = -5*a + 28 - 8. Suppose -a*p + 80 = -3*p. What is the remainder when 58 is divided by p?
18
Let v = -752 + 1002. Calculate the remainder when v is divided by 16.
10
Let t = -392 + 847. Calculate the remainder when t is divided by 24.
23
Suppose 2*b - 4*g - 58 = 0, -b + 16 = 4*g - 13. Calculate the remainder when b is divided by 7.
1
Let u = 5 - -58. Calculate the remainder when 30 is divided by (-2)/9 - (-1022)/u.
14
Suppose 5*w + 2*g = 17, -w + 1 + 1 = -g. Suppose 0 = w*y + 7 - 172. Calculate the remainder when y is divided by 29.
26
Let a(s) = -2*s - 23. Let i be (-492)/30 + 3/(-5). Let n be a(i). Suppose -r + 2*h + n + 0 = 0, -r = 3*h - 26. Calculate the remainder when r is divided by 3.
2
Suppose -h - 3*h + 24 = 0. Calculate the remainder when (-30)/20*(-56)/h is divided by 9.
5
Suppose 4*r - 12 = 0, -5*r + 0*r = -5*d + 50. What is the remainder when 28 is divided by d?
2
Suppose -11 = -2*a - 5. Suppose -i + 2*i - 4 = 0. Calculate the remainder when i is divided by a.
1
Let a(o) = 2*o**2 - 18*o - 68. Calculate the remainder when a(17) is divided by 71.
62
Suppose -4*j - i = -187, -4*i = 5*j - j - 196. Let k = 77 - 67. What is the remainder when j is divided by k?
6
Suppose 0 = -9*p + 14*p. Let a = p - -3. Suppose 5*c - 323 = 4*v - 2*v, -3*v + 198 = a*c. What is the remainder when c is divided by 17?
14
Let z(p) = 6*p. What is the remainder when z(10) is divided by ((-39)/6 + 2)*-2?
6
Let m = -164 - -94. Let k = 78 + m. What is the remainder when 69 is divided by k?
5
Suppose 2*s - 4*s - 72 = 0. Calculate the remainder when 51 is divided by (-13 + 1)*s/16.
24
Supp